ermine b(7).
6
Let n(p) be the second derivative of 12*p - p**2 + 1/3*p**3 + 0 - 1/20*p**5 + 1/6*p**4. What is n(3)?
-5
Suppose -2 = 5*n + 3, 0 = -2*f - 2*n + 12. Let b(j) be the second derivative of j**3/6 - 7*j**2 + 2*j. Determine b(f).
-7
Let h = 1776 + -1774. Let p(z) be the third derivative of -1/30*z**5 + 1/2*z**3 + 0 - 5*z**h + 1/12*z**4 + 0*z. Calculate p(-2).
-9
Let y(q) = 5*q**3 - 3*q**2 - 3*q - 1. Let f be y(-1). Let c(m) = -m**3 - 6*m**2 - m - 2. Let v be c(f). Let g(l) = l - 1. Calculate g(v).
3
Let k(j) be the second derivative of -j**5/20 - 7*j**4/12 - j**3 + 2*j**2 + 33*j. Determine k(-6).
4
Let y(q) = q**2 + 14. Let i(v) = -15 - 3*v**2 + v**2 + 26*v - 26*v. Let d(r) = -2*i(r) - 3*y(r). What is d(0)?
-12
Let x(j) = 4*j - 3. Let z(a) = -5*a + 4. Suppose 18 = y + 2*y. Let k(b) = y*x(b) + 5*z(b). What is k(5)?
-3
Let h(w) = -w**2 - 26*w + 6. Let g be h(-26). Suppose 5*m + 8 = 23. Let i(u) = m*u - 4*u + 4 + 0*u. Determine i(g).
-2
Let s(x) = 1 + 1 - 1 - 4*x. Let f = 367 - 366. What is s(f)?
-3
Suppose 0*z = 3*z - 9. Suppose -2*m + z*x = -7*m + 27, -2*m + 2*x + 14 = 0. Let h(u) = -49 + 22 - u + 25 - u. What is h(m)?
-14
Let t(z) be the first derivative of z**3/3 - 2*z**2 + 3*z - 24. Give t(2).
-1
Let u(g) be the second derivative of 5/6*g**3 - 12*g + 0*g**2 + 0. Determine u(2).
10
Suppose 2*a = -l - 3*a + 2, a = 0. Suppose -2*t + g + 3 = -l, 4*t = 5*g + 1. Suppose -x - t*i - 15 = -2*i, 0 = i + 5. Let s(k) = k. Calculate s(x).
-5
Let n(f) = -3*f. Let p(s) = -s**2 - 6*s + 2. Let i be p(-5). Suppose -i + 1 = 3*g. Calculate n(g).
6
Let i(w) = 2*w**2 - 5*w + 3. Let v(o) = -o**3 - 5*o**2 + 4*o - 2. Let r be v(-6). Let l be 6/4 + 15/r. Give i(l).
6
Let r(q) = -3*q + 2. Let f(g) = -g**3 + 4*g**2 + 5*g + 4. Let p be 2/(12/5 + -2). Let i be f(p). Suppose 3*c - 2*u = i, -u + 3 = -4*c - 0*c. Calculate r(c).
8
Suppose -6 = -2*x, -15*x - 19 = -d - 18*x. Let t(k) = -k + 24. What is t(d)?
14
Let r(i) = -4*i**3 + 3*i**3 - 21*i + 12*i - 9*i**2. Let c = 22 + -30. Calculate r(c).
8
Let b be 4/14 + 116/(-14). Let p(r) be the third derivative of r**6/120 + 3*r**5/20 + 5*r**4/12 + 3*r**3/2 - 3*r**2 - 15. Give p(b).
-7
Let b(l) = 11*l + 36. Let w(t) = 4*t + 18. Let o(z) = 2*b(z) - 5*w(z). Calculate o(8).
-2
Let w = 521 + -522. Let f(n) = 8*n**2 - 2*n - 1. What is f(w)?
9
Let y(x) = -6 - 16*x - x**2 + 7 + 0*x**2 - 35. Let s be y(-14). Let u(z) = -z**2 - 3*z + 5. Give u(s).
-13
Let a(b) = 2*b - 34. Suppose -2*j = -14*j + 168. Let d be a(j). Let w(q) = -q**2 - 7*q - 5. What is w(d)?
1
Suppose 5*q + 7*o - 11*o = 63, 4*o = -4*q + 36. Let n(w) = -4*w + 37. Give n(q).
-7
Suppose 2*c - 9 = -v + 8, -c = -5*v - 3. Suppose 0 = -5*x + 10, 3*x = -2*f + 6*x + 2. Suppose 4*l + c + f = 0. Let a(i) = -i**3 - 3*i**2 - i - 1. What is a(l)?
2
Let v(s) = -s**3 + 7*s**2 - s + 3. Suppose 2*k + 11 = h - 0*h, 5*h = k + 37. What is v(h)?
-4
Let n(v) = -59*v - 112. Let p be n(-2). Let k(b) = -9*b - 2*b**2 + 3*b**2 + 6 + 3*b. Give k(p).
6
Let p(u) = 2*u - 4. Let y be 4/(-1) - (-1)/(-1). Let m(r) = -r + 2. Let i(f) = y*m(f) - 3*p(f). Determine i(2).
0
Let w(h) = -2 - 1 - 7*h**2 + 2. Suppose 0 = 4132*z - 4137*z + 5. Determine w(z).
-8
Suppose 39*w = -13*w - 52. Let a(g) = g. What is a(w)?
-1
Let k be (77/(-22) + 0)*(-36)/(-7). Let h(u) = u**3 + 19*u**2 + 19*u + 18. Calculate h(k).
0
Let q(o) be the second derivative of -o**3/3 - 21*o**2 + 290*o. Give q(-23).
4
Let w(a) = -17*a + 14. Let y(t) = t**2 + 6*t + 11. Let j be y(-6). Let g(n) = 6*n - 5. Let s(d) = j*g(d) + 4*w(d). Calculate s(3).
-5
Suppose -2*q = 3*s + 10, -3*q - q - 20 = -2*s. Let w(l) = -5*l**3 + 4*l**2 - 3*l - 4. Let g(h) = h**3 - h**2 + h. Let x(p) = -4*g(p) - w(p). What is x(s)?
4
Suppose -4*r - 5*y + 37 = -2, 4*r = y + 21. Let j(g) = g - 8. Let x(p) = -3*p + 24. Let m be -2*(-1)/(-2) + -6. Let z(o) = m*j(o) - 2*x(o). What is z(r)?
2
Let i(u) = 3*u**3 - u**2 - 2*u - 1. Let t(b) = 68*b - 817. Let v be t(12). Determine i(v).
-3
Let j(w) be the first derivative of -w**4/12 + 5*w**3/6 + w**2/2 - 9. Let n(l) be the second derivative of j(l). Calculate n(5).
-5
Let s = 153 + -151. Let t(n) = 9*n. Calculate t(s).
18
Let v(k) = -4*k - 5. Suppose -2*x = -15*x + 104. Determine v(x).
-37
Let d(g) = 11*g - 264. Let o be d(24). Let s(w) = w**3 - w**2 + w - 16. What is s(o)?
-16
Suppose 40 = f - 6*f. Let y(j) = -3*j + 65 - 38 - 39. Calculate y(f).
12
Let i(t) = -5*t - 1. Let f be -4 + 0 - (3 - 3 - 6). Determine i(f).
-11
Let z(r) = -4*r - 1 + 6*r - 5*r - 6*r. Give z(2).
-19
Suppose 0 = -2*u - 4*q + 4, -q = -3*u - 9 - 13. Let a be u/(-4 + 25/10). Suppose -b = 3*w - 13, -3*b = a*w - 21 - 3. Let s(x) = x**2 - 3*x - 5. Give s(b).
-1
Let m(k) = 4*k**3 - 9*k**2 + 3*k - 2. Let v(t) = 5*t**3 - 10*t**2 + 3*t - 3. Let i(a) = -4*m(a) + 3*v(a). Determine i(6).
-19
Let o(k) = -5*k**2 - 30*k + 4. Let c be o(-6). Let j(h) = -h**3 + 5*h**2 - 7*h + 4. Give j(c).
-8
Let n(x) be the second derivative of -x**4/12 + x**3/3 + 3*x**2 - x - 7. What is n(-5)?
-29
Let f(v) = 474*v + 20 - 239*v - 239*v. What is f(5)?
0
Suppose 0*d = -4*d. Suppose -3*s + 5 = 4*g, -3*g = s - d*g. Let a(q) = -2 + 5*q - s*q + 4 + 1. Calculate a(-6).
-9
Let q(b) be the second derivative of 0 + 7*b + 1/6*b**3 + 3*b**2. Give q(-10).
-4
Let x(b) = 476 + 4*b - 4*b - b - 490 + b**2. What is x(0)?
-14
Let c(s) = 11*s**2 - 11*s + 10. Let k(f) = -4*f**2 + 4*f - 4. Let v(i) = 3*c(i) + 8*k(i). Determine v(4).
10
Let n(r) = r**2 + 2*r - 2. Let g = -56 - -4. Let b = 48 + g. Calculate n(b).
6
Let p(f) be the first derivative of -f**4/4 - f**3/3 + 2*f**2 + f + 275. Calculate p(-3).
7
Let k(s) be the third derivative of s**4/24 + s**3/6 + 11*s**2. Let j(b) = b**3 - 8*b**2 - 11*b + 10. Let z be j(9). Let i be (2 + (z - -3))*2. What is k(i)?
-5
Suppose -5*y + 18 = -12. Let r be (6/9)/(1/3). Let p(a) = r*a + 2*a + 5 - a - a**2 + 0*a**2. What is p(y)?
-13
Let b(h) = -5*h + 9. Suppose 8*l - 11 - 21 = 0. Suppose 5*r + 5*m - 45 = 0, 0 = 8*r - l*r + 2*m - 30. Give b(r).
-21
Let s(a) = a + 3 + 1 + 1. Suppose -43 = 4*m - 5*d - 27, m - 4*d = -4. Calculate s(m).
1
Let i(k) = -k**3 - 8*k**2 - 6. Let h = -292 - -284. Calculate i(h).
-6
Let y(u) be the first derivative of u**4/12 + u**3 + u**2/2 + 7. Let m(d) be the second derivative of y(d). Calculate m(-5).
-4
Let o(g) be the third derivative of -g**6/120 - 7*g**5/60 + 3*g**4/8 + g**3 + 6*g**2. What is o(-8)?
-2
Let b(f) = f**3 - f**2 + f + 8. Let j be -2*((-171)/6)/3. Suppose -4*a - l = -j, -a - 2*l + 5 + 5 = 0. Suppose -o + a*o = 0. Determine b(o).
8
Let r(x) = 8*x**3 + 8*x**2 - 7*x. Let c(g) = -13*g**3 - 15*g**2 + 13*g. Let z(y) = 3*c(y) + 5*r(y). Give z(4).
0
Let g(i) = -2*i + 3. Suppose -4*a + 36 = 3*o, -2*o - 2*o + 45 = 5*a. Give g(a).
-15
Let c(k) be the third derivative of -1/30*k**5 + 1/3*k**3 + 0 + 42*k**2 + 0*k**4 + 0*k. Give c(2).
-6
Let a(j) be the third derivative of -j**4/12 + j**3/3 + 24*j**2 - 21*j. Let v(z) = z**2 + 5*z. Let g be v(-6). Determine a(g).
-10
Let n(z) be the first derivative of z**2/2 - 5*z + 48. Let t = -33 - -41. Give n(t).
3
Let p(z) = 9*z + 1 + 0 + 2 + 5*z - 12*z. What is p(6)?
15
Suppose -698 = -34*o + 84. Let k(f) = -f**3 + 22*f**2 + 22*f + 29. What is k(o)?
6
Suppose 5*l - 4 - 1 = 0. Let n(m) = m**3 + 2*m**2 - 2*m + 1. Let j be n(l). Let z(o) = -o**3 + 3*o**2 - 2. Calculate z(j).
2
Let o(f) = 25*f - 1. Let q(y) = -23*y. Let j(n) = 2*o(n) + 3*q(n). Calculate j(-1).
17
Let w(a) = -52 + a + 23 + 27. Give w(5).
3
Let y(g) be the first derivative of -6*g**2 + 6. Calculate y(-1).
12
Let t be 1 + (1/(-2))/((-1)/98). Let s = 47 - t. Let x(v) = -2*v**2 - 4*v. Calculate x(s).
-6
Let h(a) = 3*a**2 - 6*a + 5. Let n be (-3 + 4 + 1)*9/6. Determine h(n).
14
Let z(y) = 6*y + 6. Let v be 1 - ((-27 - -33) + (-8)/2). Calculate z(v).
0
Let z(r) = 4*r - 22. Let b(l) = l. Let n(o) = -5*b(o) + z(o). Let h be n(-20). Let f(m) be the second derivative of -2*m**3/3 + m**2/2 - 2*m. What is f(h)?
9
Let d(f) = 2*f + 17. Let u = 20 - 27. Let k be d(u). Let i(r) = -r**2 - 2 + 2 - k - 2*r. Determine i(-2).
-3
Let m = 11 + -12. Let v be 784/64 + m/4. Suppose -16 = 8*c - v*c. Let x(h) = h**2 - 7*h + 6. Give x(c).
-6
Let f = -964 + 963. Let o(k) = 5*k - 2. Give o(f).
-7
Let d(t) = -2*t. Let j(h) = -h**2 - 3*h + 3. Let q be j(-4). Suppose -3*f + 6 = -9